se 12, what is 125 - 23bb?
-2296
In base 10, what is -360 + -138969?
-139329
In base 8, what is 2 - -140477462?
140477464
In base 10, what is -3860711 - 2?
-3860713
In base 4, what is 1 - -133211122200?
133211122201
In base 5, what is -2 - -311212341103?
311212341101
In base 10, what is 239516 - -78?
239594
In base 2, what is -1110100110 + -110100101010110010?
-110100111001011000
In base 15, what is -738 + -15c6?
-1d0e
In base 4, what is 100003303202 - -1001?
100003310203
In base 3, what is 121201110212100 - 21?
121201110212002
In base 13, what is -29c208 + c?
-29c1c9
In base 9, what is 834360 - 608?
833651
In base 14, what is 1 + 192c28?
192c29
In base 8, what is -13412667 - 5?
-13412674
In base 11, what is -343004755 - 3?
-343004758
In base 3, what is -10120121010 + 0?
-10120121010
In base 9, what is -107 + -118561?
-118668
In base 7, what is 32160 - 616?
31241
In base 8, what is -10571471 - -515?
-10570754
In base 12, what is 39 - -152123?
152160
In base 6, what is 324131 + -325314?
-1143
In base 3, what is 20 - 11001002010120?
-11001002010100
In base 5, what is 1001411130 + -1?
1001411124
In base 5, what is 13 - 201000014?
-201000001
In base 7, what is 35312035 - -5?
35312043
In base 7, what is -35204 + 566?
-34305
In base 13, what is 2a6 + 13456?
1372c
In base 13, what is 2cc781 - 2?
2cc77c
In base 12, what is 2b87918 + -a?
2b8790a
In base 12, what is -1344807a + 5?
-13448075
In base 4, what is -2312 + 1232111?
1223133
In base 8, what is -33050 - -123137?
70067
In base 16, what is 9e40 - -1ae?
9fee
In base 16, what is 2f26 - 13b0?
1b76
In base 3, what is 20202202120 + -1211120?
20200221000
In base 2, what is -1000011110100100 - 1101?
-1000011110110001
In base 16, what is -45 - 3148d?
-314d2
In base 4, what is 1011233320222 + -10?
1011233320212
In base 10, what is -5 + 14535357?
14535352
In base 6, what is 312 - 25051512?
-25051200
In base 5, what is -304301 - -31321?
-222430
In base 11, what is -1453 - 1a3915?
-1a5268
In base 9, what is -1515362 + -3?
-1515365
In base 12, what is -1288b15 + -1?
-1288b16
In base 8, what is 715 + 75446?
76363
In base 14, what is 20b + -2585?
-2378
In base 10, what is -167 + -155503?
-155670
In base 15, what is -3a - 85e62b?
-85e666
In base 10, what is 4841719 + 3?
4841722
In base 8, what is -721017 + -7?
-721026
In base 2, what is -110000001001100000 + 1001?
-110000001001010111
In base 7, what is 0 + 234350241?
234350241
In base 12, what is 519911 - -70?
519981
In base 9, what is 27 + -388084?
-388056
In base 3, what is -11110010221122220 - -21?
-11110010221122122
In base 13, what is -274 - 9717?
-998b
In base 5, what is -20410 + 23043230?
23022320
In base 3, what is 22011121212 - 22022200?
21212022012
In base 7, what is 155365240 - -2?
155365242
In base 4, what is -112110300022 - 10?
-112110300032
In base 6, what is 0 + 2401444001?
2401444001
In base 2, what is -10101100010001000010110 - -1?
-10101100010001000010101
In base 13, what is 1069195 + 3?
1069198
In base 15, what is 3e8b265 - -4?
3e8b269
In base 6, what is 123 - 24553121?
-24552554
In base 15, what is -2d4a - -951?
-23e9
In base 7, what is 4 - -526220016?
526220023
In base 14, what is 329b + -10d?
318c
In base 5, what is -1021 + 2113?
1042
In base 12, what is 370496 - 47?
37044b
In base 4, what is -111112130132 + 10?
-111112130122
In base 5, what is -3 + -2113024304?
-2113024312
In base 10, what is 54933 + 1623?
56556
In base 5, what is 32 + -322111444?
-322111412
In base 14, what is -2 + 152989?
152987
In base 4, what is -1331221 - 130022?
-2121303
In base 14, what is -2041 - 901?
-2942
In base 7, what is -302 + -301022?
-301324
In base 11, what is -a7 - 14848?
-14944
In base 8, what is -3 - 3724376?
-3724401
In base 4, what is -32313032120 - -1?
-32313032113
In base 14, what is -9c - -13784?
136c6
In base 9, what is 5 - -1072853?
1072858
In base 14, what is 63 + -588306?
-588283
In base 16, what is -47 - 59f57?
-59f9e
In base 6, what is -555342033 + -5?
-555342042
In base 7, what is 106542066 - -2?
106542101
In base 2, what is -100101100010111000 - 111111?
-100101100011110111
In base 2, what is -11110111010 - 101001110000011?
-101101100111101
In base 3, what is 221000110111 + -12200?
221000020211
In base 14, what is -5 - 3add5a?
-3add61
In base 4, what is -102 + -1121203211232?
-1121203212000
In base 5, what is 332244 + -201344?
130400
In base 12, what is -80b65 + 1a?
-80b47
In base 3, what is 11002211011002 - 200102?
11002210110200
In base 10, what is -108889 + 1215?
-107674
In base 15, what is -716 + -103c?
-1753
In base 12, what is -28 - 89a330?
-89a358
In base 16, what is -53eaaf + -7?
-53eab6
In base 4, what is -20023 + -323102020?
-323122103
In base 10, what is 26609 + -2913?
23696
In base 10, what is 221821070 - -1?
221821071
In base 14, what is -8172 - 7a05?
-11b77
In base 10, what is -655 + 350941?
350286
In base 12, what is 3711 + 29a?
39ab
In base 14, what is -2092 - -3019?
d67
In base 6, what is 431145211 - 44?
431145123
In base 12, what is 527768 - -271?
527a19
In base 13, what is 42661b9 + 1?
42661ba
In base 14, what is bc + -db290?
-db1b2
In base 5, what is 2 + -1124133410?
-1124133403
In base 16, what is -cf404 + -28?
-cf42c
In base 13, what is -33 + 5387a?
53847
In base 6, what is -423335212 - 1203?
-423340415
In base 9, what is -321 + 1441705?
1441374
In base 12, what is -228a71 + -4?
-228a75
In base 6, what is 53300254 + 33?
53300331
In base 16, what is -24 + -17be6?
-17c0a
In base 11, what is 191145 + a?
191154
In base 7, what is -334 - -1002255?
1001621
In base 2, what is 110000 - -10011110111001010101101?
10011110111001011011101
In base 5, what is 41110 - -31240?
122400
In base 9, what is 77 + -7108536?
-7108448
In base 6, what is -2422 - -103430101?
103423235
In base 2, what is -1001001000000001110 - 111010?
-1001001000001001000
In base 5, what is 44330044 + 3213?
44333312
In base 15, what is cce93 - -9?
cce9c
In base 10, what is 4 + -6307102?
-6307098
In base 2, what is 1111100000101001011 + -11001?
1111100000100110010
In base 2, what is 11 + -1100110100010111111001100101?
-1100110100010111111001100010
In base 7, what is -262 - 2641?
-3233
In base 2, what is -110000001001101111100 + 101?
-110000001001101110111
In base 5, what is 1313434 + -13114?
1300320
In base 14, what is -d17 + -27b9?
-36d2
In base 6, what is 435 + -21245324?
-21244445
In base 13, what is -4b0b865 + -5?
-4b0b86a
In base 3, what is -1121021120001 - 0?
-1121021120001
In base 9, what is 215 + -483623?
-483407
In base 9, what is -11736023 - -7?
-11736015
In base 7, what is -5 + -1415005443?
-1415005451
In base 10, what is -51788334 + 1?
-51788333
In base 13, what is 1 + 9375a8b?
9375a8c
In base 6, what is -32153235 + 10?
-32153225
In base 3, what is -21010102001 + 10121?
-21010021110
In base 13, what is -87387 + -22?
-873a9
In base 14, what is -24b3c + 160?
-249bc
In base 4, what is -21210 - 22030300?
-22112110
In base 6, what is 1410 - 1443432?
-1442022
In base 9, what is 1 - -131313733?
131313734
In base 3, what is 2200120 - -1012020011?
1021220201
In base 10, what is 7164 - -34969?
42133
In base 2, what is 0 - -11000110101101011100?
11000110101101011100
In base 5, what is 104413400224 + 13?
104413400242
In base 7, what is -1610 - -5452121?
5450211
In base 16, what is e33845 - -14?
e33859
In base 9, what is 100 + -1457688?
-1457588
In base 3, what is -20012120122101112 - -2?
-20012120122101110
In base 8, what is -3303176067 + -2?
-3303176071
In base 4, what is 1123 - 13313120?
-13311331
In base 11, what is -59a2171 + -1?
-59a2172
In base 8, what is -4373 - 142?
-4535
In base 8, what is 355752 - 7632?
346120
In base 7, what is 2533656114 + -3?
2533656111
In base 13, what is 2312bc + 2?
2312c1
In base 4, what is 11 - 300010322203?
-300010322132
In base 4, what is 111001300 + 202013?
111203313
In base 13, what is ab016 - 3?
ab013
In base 7, what is 1564155 + 1455?
1565643
In base 2, what is -111110001101000100 + -10110100110?
-111110100011101010
In base 16, what is -1494 - -e43?
-651
In base 13, what is a3 + -2ba6a5?
-2ba602
In base 11, what is 518 - -1989?
23a6
In base 2, what is -11100 + -11110110010000011010011?
-11110110010000011101111
In base 14, what is -1 + 493c06?
493c05
In base 10, what is 27 - 40367494?
-40367467
In base 5, what is -10 + 202